(-2). Calculate the greatest common factor of l and 11.
11
Let n(v) = v**2 - 13*v + 6. Let p be n(11). Let z = p + 26. Calculate the greatest common factor of 50 and z.
10
Let x(u) = -2*u - 10. Let b be x(-7). Suppose 3*a - 4*v + 13 = 0, 5*v = -4*a + 16 + 8. Calculate the highest common factor of a and b.
1
Let w(y) = y**3 - 9*y**2 - 9*y - 5. Suppose 9*n - 30 = 6*n. Let h be w(n). Calculate the highest common divisor of h and 45.
5
Suppose 2*v + 5*m + 4 = 9, -v = -5*m - 40. Calculate the greatest common factor of v and 120.
15
Let o be 80/(-35) - (-4)/14. Let g be 2/(o/2)*-1. Let m be g/(-4) - 26/(-4). Calculate the highest common divisor of 6 and m.
6
Suppose -5*q + 292 = -5*i + 2, 0 = -5*i + 25. What is the highest common factor of 9 and q?
9
Let n(y) = -y. Let l be n(-12). Calculate the greatest common divisor of l and 84.
12
Let r(t) = -4*t - 12. Let d(b) = -b - 4. Let c(g) = -10*d(g) + 3*r(g). Let v be c(-4). Calculate the highest common divisor of 18 and v.
6
Suppose 5*f - 40 = -0*f. Let y be 84/(-20) - 1/(-5). Let u(b) = b**3 + 6*b**2 + 2*b - 4. Let s be u(y). What is the greatest common factor of f and s?
4
Let m(y) = -y**2 - 2*y + 13. Suppose 4 = 4*u - u - d, 0 = u + 3*d + 12. Let h be m(u). What is the highest common factor of 52 and h?
13
Let j = -29 + 35. Calculate the highest common divisor of j and 24.
6
Let h = 34 + -24. Let j(w) = -w - 7. Let v be j(-10). Suppose 2*u - 5*y = -v + 10, -1 = -4*u - 3*y. What is the greatest common divisor of u and h?
1
Let u(o) = -o - 7. Let k be u(-5). Let t be (-15)/k*20/(-6). Let d be (-2)/8 + t/(-4). Calculate the greatest common divisor of 6 and d.
6
Let c(b) = b**3 + 8*b**2 - 11*b - 6. Let m be c(-7). Let i = 210 - m. Let z = 33 + -23. Calculate the highest common factor of i and z.
10
Suppose 2*b - 5 = -21. Let n be (-292)/b - (-2)/(-4). Suppose 3*q - 4*y - 68 = 0, q - 3*y - 20 = y. Calculate the greatest common factor of q and n.
12
Let g(n) = 7*n**2 - 4*n - 10. Let y be g(-3). Calculate the highest common divisor of 26 and y.
13
Suppose -n - n = -150. Suppose -2*a = 2*a - q - 56, 80 = 4*a + 5*q. What is the greatest common divisor of a and n?
15
Suppose 0 = -4*j + j + 12. Suppose -5*m = 4*a + 32, a - 3*m + 18 + 7 = 0. Let x = a - -29. Calculate the greatest common divisor of j and x.
4
Let n be 2 + (3 - -18) + 1. Calculate the greatest common divisor of 16 and n.
8
Suppose -2*p = 2*s - 12, s = -s + 4*p + 12. Suppose -3*m = 2*l - 12, 18 = 2*m - 5*l - 9. Calculate the highest common factor of m and s.
6
Let z = -17 - -33. Let x be -2*4/((-16)/(-654)). Let y = x - -503. What is the greatest common factor of y and z?
16
Let h = 13 + -7. Let r = h - 1. Suppose -r*y = 5*t - 90, 2*t - 68 = -4*y - t. Calculate the highest common divisor of 112 and y.
14
Let b(f) = f**3 + 4*f**2 + 4*f + 3. Let x be b(-2). Let h be 2 + (5 + -2 - x). Suppose 0 = -j - j + h. What is the greatest common factor of j and 1?
1
Suppose -3*x - 85 = 20. Let u = x - -51. Calculate the highest common divisor of u and 8.
8
Let d(u) = -u**3 + u**2 + u + 4. Let m be d(0). Suppose m*i = 899 - 283. Calculate the highest common divisor of 14 and i.
14
Suppose 4*k - 6*k = -i - 70, 0 = -3*i. Calculate the highest common factor of k and 5.
5
Let z be (-4)/(-30) + 1872/135. Suppose 0 = -2*x + 18 + z. What is the greatest common factor of 128 and x?
16
Suppose -2*y + 69 = 3*d - 4*d, 12 = 4*d. Suppose -3*v + 3 = 2*l, -15 + 3 = 4*l. Let p be 22 + v + 1 + -2. What is the greatest common divisor of y and p?
12
Let n(f) = f**3 - 8*f**2 + 4*f - 4. Let d be n(8). Let h = d - 17. Calculate the highest common divisor of 88 and h.
11
Let h = 115 - 25. What is the greatest common divisor of 60 and h?
30
Suppose 27 = -4*q - 3*m, 0 = 5*m - m + 20. Let z = 9 - q. Suppose -42 + z = -5*a. Calculate the greatest common factor of a and 54.
6
Let p(n) = -2*n - 2. Let h be p(-4). Calculate the highest common divisor of 2 and h.
2
Suppose 40 + 48 = 2*j. Let z = j + 1. What is the greatest common factor of z and 5?
5
Let l be ((-4)/(-3))/((-4)/(-6)). Let g = l + 3. What is the greatest common divisor of 40 and g?
5
Let v(i) = i**3 + 3*i**2 - 4*i. Let w be v(4). Let c = -28 + w. Let m be 1/(-3) - 104/(-6). What is the greatest common divisor of m and c?
17
Let j be (36/3)/((-4)/(-6)). Let q(r) = -r**3 + 5*r**2 - 2*r - 6. Let t be q(3). What is the greatest common factor of j and t?
6
Suppose -7 = -3*u + 5*y + 18, -14 = -u - 4*y. Suppose -u*h - 17 = -11*h. What is the greatest common divisor of h and 68?
17
Suppose 0 = z - 5*z + 4. Suppose 48 + 11 = 5*f + 2*u, -5*f + 53 = -u. What is the highest common divisor of z and f?
1
Suppose n - 2*n + 14 = 0. Suppose k + 4*l - 20 = 0, 3*l - 19 - n = -3*k. Let z be 17/(714/216)*(-28)/(-6). Calculate the greatest common divisor of z and k.
8
Let v be (1 - 1) + 1 + 29. Let z be -1 + 3 - (-1 + -2). Suppose -4*h - 2*g = -z*g - 42, 3*h + g - 38 = 0. What is the greatest common factor of v and h?
6
Let u(r) = r**2 + 7*r - 28. Let c be u(-10). What is the greatest common divisor of c and 1?
1
Let z(t) = t + 3. Let c be z(6). What is the greatest common divisor of 3 and c?
3
Let b be ((-15 - 2) + (-4 - -2))*-1. What is the greatest common factor of b and 152?
19
Let f = 6 - -26. What is the greatest common factor of 80 and f?
16
Suppose r - 2*r = 25. Let k = -10 - r. Suppose 5*y = k + 20. Calculate the highest common factor of y and 42.
7
Suppose -5*y = -w - 27, 3*y - 3*w = -w + 12. Suppose -4*c = -y*c + 22. What is the highest common factor of c and 22?
11
Suppose 0 = 4*l - l - 6. Suppose 2*g - g + 2*w = -8, 2*g + 5*w = -17. Let a be l/g + 67/3. What is the highest common divisor of 11 and a?
11
Let y(q) = q**2 - q + 32. Let d be y(0). Suppose 8 - d = -2*t. Suppose -285 + 105 = -5*r. What is the highest common factor of r and t?
12
Suppose -149 = -5*f + 376. Calculate the highest common factor of f and 42.
21
Suppose -3*p = -2*p - 1. Suppose 0 = -5*b + 2*b + 9. What is the highest common divisor of b and p?
1
Suppose 5*t - 3*t - 17 = 5*c, -4*t = -4*c - 40. Let d(y) = y**3 - y + 88. Let i be d(0). What is the greatest common factor of t and i?
11
Let f(k) = 2*k**3 - 8*k**2 - 3*k + 8. Let c be f(6). Suppose 3*p - 366 = -4*r - r, -5*p = -2*r + c. Calculate the greatest common divisor of 9 and r.
9
Let h = 5 - 6. Let v be h*(-2)/(-2) + -24. Let s = -13 - v. What is the highest common factor of 3 and s?
3
Suppose -2*w + w + 34 = 0. Suppose -w = -3*f + 35. Let r = 95 - f. Calculate the highest common factor of r and 8.
8
Let t be 329/21 - 2/(-6). Calculate the highest common factor of 4 and t.
4
Suppose -16*z + 750 = -z. Calculate the greatest common divisor of 250 and z.
50
Suppose 8*w - 3 = 7*w. What is the highest common factor of w and 33?
3
Suppose k - 4*x - 133 + 3 = 0, 249 = 2*k + 3*x. Suppose t = -0*t + l + 16, -4*l + 34 = 3*t. What is the greatest common divisor of k and t?
14
Suppose 369 = -4*n + 13*n. Let o(a) = -a**2 + 5*a - 4. Let x be o(4). Let y be 1 + (0 - x) + n. What is the highest common factor of 14 and y?
14
Suppose -2*r - 3*m + 144 = 30, -59 = -r - 2*m. Suppose 2*x - 77 - r = 0. Let s = x - -112. Calculate the highest common factor of 16 and s.
16
Suppose j = v - 29, 2*v = 3*j + 20 + 68. Let q be (-2)/(-5) + (-738)/j. What is the highest common factor of 10 and q?
5
Let m be 2 + 0*(-2)/(-6). Suppose 0*o + 3*p = -4*o - 207, 2*p = m*o + 86. Let s be 16*4/(o/(-9)). What is the highest common factor of 36 and s?
12
Let j = 9 - 4. Suppose -j = -2*o + 3. What is the greatest common factor of 8 and o?
4
Let b(x) = x**3 + 11*x**2 - 13*x - 1. Let a be b(-12). What is the greatest common factor of 33 and a?
11
Let u(m) be the first derivative of 33*m**2/2 - 6. Let a be u(10). What is the highest common factor of a and 30?
30
Suppose 0*a = 2*a - 34. Let f be 4/20 + 762/15. Calculate the greatest common factor of a and f.
17
Let v = -1 + -2. Let s be 2 - (v - -1)*11. What is the greatest common divisor of s and 60?
12
Let t be 1*-1*-2*1. Let x(f) = -5*f + 2*f**t - f + 4 + 3*f**2. Let q be x(4). What is the greatest common divisor of q and 24?
12
Suppose w = -4*w + 140. Suppose 4*g - d = 3, -4*g - d - 6 + 3 = 0. Suppose g = -3*c + 17 - 5. What is the highest common divisor of c and w?
4
Suppose -x - 8 = -t, 4*t + x - 13